e the highest common factor of 3948 and 23882439.
987
Calculate the greatest common factor of 106 and 2060890266.
106
Calculate the greatest common factor of 105 and 2120645625.
105
Calculate the highest common factor of 6361848 and 2484.
108
Calculate the greatest common factor of 44153640 and 2160.
1080
What is the highest common divisor of 312526 and 15043?
307
Calculate the greatest common divisor of 42527 and 4.
1
Calculate the highest common divisor of 17343568 and 1584.
176
Calculate the greatest common factor of 7087 and 8520812.
373
Calculate the highest common factor of 9500 and 656640.
380
Calculate the greatest common divisor of 15519 and 16858807.
5173
What is the greatest common factor of 26180 and 105490?
770
What is the highest common factor of 432 and 696916872?
216
What is the greatest common factor of 56 and 96586?
14
What is the greatest common divisor of 14614320 and 96?
48
Calculate the greatest common factor of 5704 and 93403.
713
What is the greatest common factor of 52233642 and 54?
18
Calculate the greatest common factor of 81 and 145493496.
81
What is the greatest common factor of 1155 and 208659?
33
What is the highest common divisor of 70 and 62640010?
10
What is the highest common divisor of 646 and 1584961?
323
Calculate the highest common divisor of 126764960 and 1472.
736
Calculate the highest common divisor of 36712536 and 12.
12
Calculate the greatest common divisor of 211633 and 202606.
1003
What is the highest common factor of 17374539 and 1638?
273
What is the highest common divisor of 155 and 149504506?
31
What is the highest common divisor of 101948 and 160556?
44
Calculate the greatest common divisor of 9 and 1286294571.
9
Calculate the greatest common divisor of 17425056 and 12.
12
What is the highest common divisor of 53002242 and 54?
54
Calculate the greatest common factor of 123160 and 404120.
40
Calculate the greatest common factor of 638 and 1077703.
11
What is the greatest common divisor of 1674 and 11575121?
31
Calculate the highest common divisor of 4916544 and 1305.
87
Calculate the greatest common divisor of 101212096 and 64.
64
Calculate the greatest common divisor of 547240 and 2040.
40
What is the greatest common divisor of 600 and 2210720?
40
What is the greatest common factor of 13393788 and 4272?
1068
What is the highest common factor of 130 and 873824445?
65
Calculate the greatest common factor of 4000 and 37957000.
1000
Calculate the greatest common divisor of 109396056 and 14784.
1848
Calculate the greatest common factor of 35934622 and 74.
74
What is the highest common factor of 624225 and 1100?
25
What is the highest common divisor of 908604 and 945?
27
Calculate the greatest common divisor of 18 and 1234383876.
18
Calculate the greatest common factor of 2850086 and 1017.
113
Calculate the greatest common factor of 87700843 and 87.
29
Calculate the highest common divisor of 1814207 and 13787.
811
What is the highest common factor of 3090 and 101174325?
1545
What is the greatest common divisor of 6 and 458827086?
6
Calculate the highest common divisor of 253877 and 39.
13
What is the highest common factor of 1221 and 9217329?
1221
Calculate the greatest common divisor of 116 and 87048604.
116
Calculate the highest common factor of 1879028576 and 32.
32
What is the greatest common divisor of 1369872 and 291438?
1134
Calculate the highest common divisor of 5708 and 1696703.
1427
Calculate the highest common divisor of 1062 and 229137651.
531
Calculate the greatest common factor of 30336 and 22489878.
474
What is the greatest common divisor of 165795 and 25620?
105
Calculate the highest common divisor of 18 and 2106555426.
18
Calculate the highest common factor of 2286246 and 506.
46
Calculate the highest common factor of 9488749 and 954.
53
Calculate the greatest common divisor of 7760 and 376069.
97
What is the greatest common divisor of 2 and 3855974?
2
What is the highest common divisor of 2306 and 372?
2
Calculate the greatest common divisor of 329262 and 546.
6
Calculate the highest common factor of 324 and 324981666.
54
What is the greatest common factor of 80988 and 19788?
204
Calculate the greatest common factor of 20691 and 1586937.
627
Calculate the highest common divisor of 27210771 and 801.
801
What is the highest common divisor of 22 and 98876294?
22
Calculate the greatest common divisor of 183498 and 55776.
42
What is the greatest common factor of 55989 and 12705?
3
Calculate the greatest common factor of 962 and 63415118.
26
Calculate the highest common factor of 5759 and 1834417.
13
What is the highest common factor of 8567826 and 100701?
201
Calculate the greatest common factor of 110 and 654961010.
110
What is the highest common factor of 32032 and 24758448?
2288
Calculate the highest common divisor of 12453228 and 186.
6
What is the highest common factor of 2159532 and 4460?
892
Calculate the greatest common factor of 35435 and 27455.
95
Calculate the greatest common divisor of 68793 and 437.
23
Calculate the greatest common factor of 216 and 8573288.
8
Calculate the greatest common divisor of 14769 and 536031.
27
What is the highest common divisor of 1373106 and 1722?
42
Calculate the highest common divisor of 54557953 and 79.
79
What is the highest common divisor of 479286920 and 2840?
2840
Calculate the highest common factor of 84530156 and 1006.
1006
Calculate the greatest common factor of 1431 and 18005319.
477
Calculate the greatest common divisor of 120 and 29131440.
120
Calculate the greatest common factor of 1635 and 9267180.
1635
Calculate the highest common divisor of 60 and 30668655.
15
Calculate the greatest common factor of 213794834 and 11330.
2266
What is the greatest common divisor of 31224718 and 1676?
838
Calculate the greatest common factor of 2075140 and 4340.
620
What is the highest common factor of 1067399185 and 995?
995
What is the highest common divisor of 31104 and 6318?
486
Calculate the greatest common factor of 16693956 and 78588.
1332
What is the highest common factor of 96 and 27801408?
96
What is the highest common divisor of 14 and 325560424?
14
What is the highest common divisor of 1729 and 15399139?
133
What is the greatest common factor of 72 and 28276380?
36
Calculate the greatest common divisor of 2448 and 33627768.
408
What is the greatest common factor of 857985 and 655?
5
Calculate the greatest common factor of 95870 and 398690.
10
Calculate the greatest common divisor of 1 and 119885718.
1
What is the greatest common factor of 64701700 and 425?
25
Calculate the highest common divisor of 16443 and 319464.
2349
What is the greatest common factor of 236 and 269348334?
118
Calculate the highest common divisor of 2320 and 540400.
80
What is the greatest common factor of 26025 and 64275?
75
What is the greatest common factor of 352 and 17026104?
8
Calculate the highest common divisor of 87588 and 1404.
108
What is the greatest common factor of 23154796 and 28?
28
What is the greatest common divisor of 5776 and 3119952?
304
What is the highest common factor of 9890 and 257570?
430
What is the highest common divisor of 15179318 and 462?
154
Calculate the greatest common factor of 69 and 106121931.
69
What is the greatest common factor of 10383 and 15783?
3
What is the highest common divisor of 3633 and 75238219?
1211
Calculate the highest common divisor of 156632136 and 16728.
984
What is the greatest common factor of 4005 and 31719778?
89
What is the highest common divisor of 717145 and 8866?
143
What is the greatest common factor of 4270515 and 162?
3
What is the greatest common divisor of 43712 and 1685056?
64
Calculate the greatest common divisor of 23297910 and 3280253.
11591
Calculate the greatest common factor of 215946 and 889947.
81
What is the highest common factor of 2443 and 4736291?
7
Calculate the highest common divisor of 666060 and 66792105.
9795
Calculate the highest common divisor of 200904 and 1518.
66
Calculate the highest common factor of 74906 and 5358392.
1742
What is the highest common divisor of 2736 and 12392712?
1368
What is the highest common factor of 255 and 2099802?
3
What is the greatest common divisor of 5028723 and 243?
81
What is the greatest common factor of 723723 and 128128?
1001
What is t